ainder when w(-21) is divided by 39?
36
Suppose -44*r + 51*r + 37072 = 119*r. Calculate the remainder when r is divided by 85.
76
Suppose 419*w + 13727 = 472*w. What is the remainder when w is divided by 70?
49
Let t = 5717 - 5708. Calculate the remainder when 521 is divided by t.
8
Suppose -152 = -5*s + s. Calculate the remainder when (1 - 954/(-16)) + 6789/18104 is divided by s.
23
Let s = 4989 + -4647. Calculate the remainder when s is divided by 201.
141
Suppose 4*p = y + 1917, -5*p + 1286 = 2*y - 1107. Suppose -2*n + 67 = 3*b - 9, 156 = 5*n - b. What is the remainder when p is divided by n?
31
Let u = 6574 - 6527. Calculate the remainder when 609 is divided by u.
45
Let h(c) be the first derivative of 5*c**2 + 315*c + 109. What is the remainder when h(-25) is divided by 20?
5
Suppose 5*p + c - 105 = 0, -3*p - 3*c + 6*c + 63 = 0. Let x = 45 - 24. Let y = x + -9. Calculate the remainder when p is divided by y.
9
Suppose 389 + 1303 = -4*i. Suppose 3*y - 166 = -46. Calculate the remainder when ((-3)/2)/(i/(-106) + -4) is divided by y.
39
Let o(i) = -27*i**2 + 696*i - 143. What is the remainder when o(25) is divided by 15?
7
Let s be 14/10 - (-7)/(70/6). Suppose -w - s*w + 21 = 0. What is the remainder when 30 is divided by w?
2
Suppose -20 = -2*u + 32. Let j(f) = f**3 + 7*f**2 - f + 4. Suppose 2*i - i = -v - 9, 2*v + 4 = 0. Calculate the remainder when u is divided by j(i).
4
Let x(d) = 5*d + 103. Suppose 0*o - 4*b = 2*o - 70, -4*o - 3*b + 120 = 0. Calculate the remainder when x(-10) is divided by o.
26
Let h(q) = -q**3 - 4*q**2 - 5*q + 4. Let r = -60811 - -60817. Calculate the remainder when h(-4) is divided by r.
0
Let w = 4 - 6. Suppose -3*v + 2605*z + 44 = 2600*z, v - 5*z - 28 = 0. Calculate the remainder when v is divided by (w - -6) + 3 + -1.
2
Suppose 0*f - 69 = -3*f. Suppose -2*g + 2018 = -8*w + 10*w, -3*g - 4057 = -4*w. Suppose -x = 22*x - w. What is the remainder when x is divided by f?
21
Let s(a) = 12*a - 20. Suppose 2 = u - 5*m + 3, 0 = 5*u + m - 21. Let r be s(u). Calculate the remainder when 38 is divided by (-172)/(-14) - 8/r.
2
Let w = -40 + 60. Suppose -5*r - 13*y + 289 = 0, 99*y + 66 = 2*r + 98*y. What is the remainder when r is divided by w?
17
Let j = 56 - 132. Let z = 4 - j. Suppose -3*s - s + z = -4*y, s - 40 = 5*y. What is the remainder when s is divided by 11?
4
Let n(h) = h**2 - 2*h - 4. Suppose 25 = -5*k - 5. Let j = 21 + k. What is the remainder when j is divided by n(-2)?
3
Let d(r) = 5*r**3 - 3*r**2 + 69*r - 7. Calculate the remainder when d(4) is divided by 414.
127
Let w = -72 - -105. Suppose -55 + 23 = -8*i. Suppose 5*p - 81 = 3*g, 4*p + 2*g - 66 = i*g. What is the remainder when w is divided by p?
15
Let d(w) = -415 - 2*w - 427 + w**2 + 797. What is the remainder when 47 is divided by d(-6)?
2
Let u = -42850 - -43433. Calculate the remainder when u is divided by 102.
73
Suppose 5*f + 3483 = -12*f + 22132. What is the remainder when f is divided by 258?
65
Let i = -845 - -789. What is the remainder when 132 is divided by (i - (-105)/7)/((-1)/1)?
9
Let y be (-1 - 0)/((-1)/4) - 3. Let v be (-1200)/(-42) - (-9)/21. Let j = y + v. Calculate the remainder when 149 is divided by j.
29
Let u be 21/(-35) + 5848/20*-1. Let b = 313 + u. What is the remainder when 58 is divided by b?
18
Let z(g) = -g**2 + 8*g + 80. Let i be z(13). Calculate the remainder when (57/2)/((-1)/(-2)) is divided by (-4 + 51/i)/((-3)/60).
9
Let o = 30 - 26. Suppose 11*s - 12*s = -o. Suppose -s*y + 66 = -82. Calculate the remainder when 146 is divided by y.
35
Let d = 1538 - 437. Suppose -267*c + 263*c + 360 = 4*s, 4*c - 452 = -5*s. Calculate the remainder when d is divided by s.
89
Suppose -5*l + 63 = 23. Let q(h) = h**3 - 7*h**2 - 2*h - 11. Let j = 14 + 5. Calculate the remainder when q(l) is divided by j.
18
Let j = -10908 + 10950. What is the remainder when 270 is divided by j?
18
Suppose -196427 + 49601 = -29*l + 2*l. Calculate the remainder when l is divided by 32.
30
Suppose 167*p - 129646 = -28*p + 29*p. What is the remainder when p is divided by 8?
5
Let z(o) = o + 71. Suppose -18*i - 55 - 215 = 0. What is the remainder when 108 is divided by z(i)?
52
Suppose 16*q - 678 = -38. Calculate the remainder when q is divided by ((-2)/6)/((-26)/1092).
12
Let d = 5874 - 5724. What is the remainder when 451 is divided by d?
1
Let z = -6003 + 6034. Let w(d) = d**3 - 9*d**2 - 4*d + 8. Let n be w(10). Let c = 127 - n. Calculate the remainder when c is divided by z.
28
Suppose -5*k = y + 6, -3*y + 6*k = 9*k - 6. Calculate the remainder when 33 is divided by y - 224/49 - 716/(-28).
8
Let z(s) = 7*s**2 + 188*s + 7241. Calculate the remainder when z(-42) is divided by 17.
14
Let m = 184 + -102. Let w = m + -55. Suppose 0 = 32*d + 571 - 2267. Calculate the remainder when d is divided by w.
26
Let y = 192 - 29. Let t(h) = 5*h**3 - 3*h**2. What is the remainder when y is divided by t(2)?
23
Calculate the remainder when 2172/(-4)*(-1)/3 is divided by (-1539)/(-7182) + (-431)/(-14).
26
Suppose 5*r - r + 5*d - 750 = 0, -4*d = -5*r + 999. Calculate the remainder when 582 is divided by r.
192
Suppose x = 2*x - 32. Let c = 8425 + -8044. Calculate the remainder when c is divided by x.
29
Suppose -19474 + 110364 + 47111 = 59*t. Calculate the remainder when t is divided by 195.
194
Suppose -4*b - 5*h + 10*h + 74 = 0, 0 = 3*b - h - 61. Calculate the remainder when 1927 is divided by b.
16
Let s = 148 - 144. Suppose -o - 2*y = -88, 3*y + 7 = s. What is the remainder when o is divided by 7?
6
Let l be 1*(1 + (-41 - 1)). Let u be 12 + (-356)/30 - 232/(-60). Let a = u - l. What is the remainder when a is divided by 8?
5
Let m(i) = 3*i**2 + 13*i - 39. Suppose 35*p - 36*p = 2*b - 8, -5*p + 48 = 2*b. Calculate the remainder when m(7) is divided by p.
9
Suppose -2*n + 5*n - 741 = 0. Let u be 4542/6 - (-12)/6. Let s = 821 - u. What is the remainder when n is divided by s?
61
Let y be (-546)/(7/7) + 6. Let q = -517 - y. Calculate the remainder when -1 + (65 - -1) + -1 is divided by q.
18
Suppose q + 532527 = 88*q. What is the remainder when q is divided by 27?
19
Let t be 27/(-18) - (-2 + 97/(-2)). Suppose 50*m = t*m + 90. What is the remainder when 6 is divided by (-4)/(-34) + m/102?
0
What is the remainder when (-34626)/(-36) + -5 + (-6)/(-36) is divided by 8?
5
Let h(i) = -i**3 + 29*i**2 - 26*i + 39. Let k be 1/((-2)/(-48)) - (-16 + 12). Calculate the remainder when h(k) is divided by 49.
46
Suppose 0 = -5*q + 30, -3*q = 74*k - 79*k + 277. Calculate the remainder when 133 is divided by k.
15
Let g be (-1 + -698)*(-9 - (-46)/6). Let t = g + -914. Calculate the remainder when 82 is divided by t.
10
Let m(g) = 3*g**3 - 6*g**2 - 3*g + 10. Let n be m(4). Let k = 10 + n. Let y = -94 - -106. Calculate the remainder when k is divided by y.
8
Let j be -1 - -36 - (40 - 42). Suppose 346 = j*w - 616. Suppose -4*g + 0*g + 404 = 0. What is the remainder when g is divided by w?
23
Let h(b) = -47 + 0*b**3 + 19*b**2 - b**3 - 3*b**2 + 34*b - 7*b**2. Calculate the remainder when h(11) is divided by 69.
16
Suppose -3*g + 18 + 33 = 0. Suppose g*q - 496 = q. What is the remainder when q is divided by 6?
1
Suppose -2484 = 11*q + 2169. Let m = -336 - q. Calculate the remainder when m is divided by 22.
21
Suppose -p - 9888 + 691 = -4*d, -4*d - 3*p + 9193 = 0. What is the remainder when d is divided by 49?
45
Let q(w) = 1288*w - 1066. What is the remainder when q(5) is divided by 64?
62
Let n(i) = 134*i + 74 - 128*i + 3. Calculate the remainder when 259 is divided by n(-8).
27
Suppose -2*b + 5*o - 506 = -5*b, 2*o = -3*b + 503. Let t = -154 + b. What is the remainder when 50 is divided by t?
11
Suppose -d = -3*o - 2982, -2*o = -2*d - 3*o + 5950. Suppose 0 = -10*k - 14*k + d. What is the remainder when k is divided by 17?
5
Let t(w) = -18*w - 81. Let h be t(-17). Let l = h + -199. What is the remainder when l is divided by 11?
4
Suppose -3*g + 3 = -27. Suppose 9*k + 102 = 12*k. Suppose 12*j = g*j + k. Calculate the remainder when j is divided by 9.
8
Let w(p) = -p**2 + 442*p + 1786. What is the remainder when 249 is divided by w(-4)?
1
Suppose 2*x = -o + 104, 209 + 216 = 4*o + 5*x. Suppose -10*t = -15*t + o. Calculate the remainder when 43 is divided by t.
21
Suppose -32*u + 50982 = -6522. Calcul